 1495?
5
What is the thousands digit of 32259?
2
What is the tens digit of 18111?
1
What is the tens digit of 2270?
7
What is the hundreds digit of 195?
1
What is the thousands digit of 5378?
5
What is the units digit of 593?
3
What is the thousands digit of 13790?
3
What is the tens digit of 1660?
6
What is the hundreds digit of 96796?
7
What is the hundreds digit of 30858?
8
What is the tens digit of 18994?
9
What is the units digit of 54865?
5
What is the units digit of 645?
5
What is the hundreds digit of 1113?
1
What is the units digit of 1937?
7
What is the thousands digit of 1448?
1
What is the units digit of 392?
2
What is the units digit of 67587?
7
What is the ten thousands digit of 41043?
4
What is the units digit of 15?
5
What is the tens digit of 18597?
9
What is the tens digit of 790?
9
What is the units digit of 8566?
6
What is the thousands digit of 5130?
5
What is the tens digit of 63791?
9
What is the tens digit of 417?
1
What is the hundreds digit of 5005?
0
What is the units digit of 379?
9
What is the hundreds digit of 24383?
3
What is the hundreds digit of 19561?
5
What is the hundreds digit of 141?
1
What is the hundreds digit of 899?
8
What is the thousands digit of 1283?
1
What is the tens digit of 1371?
7
What is the tens digit of 39924?
2
What is the tens digit of 45764?
6
What is the hundreds digit of 2887?
8
What is the tens digit of 164?
6
What is the units digit of 4730?
0
What is the thousands digit of 33137?
3
What is the tens digit of 1416?
1
What is the hundreds digit of 3461?
4
What is the units digit of 1617?
7
What is the hundreds digit of 6431?
4
What is the hundreds digit of 48226?
2
What is the hundreds digit of 15671?
6
What is the units digit of 1483?
3
What is the hundreds digit of 18506?
5
What is the units digit of 6246?
6
What is the tens digit of 1327?
2
What is the tens digit of 1986?
8
What is the hundreds digit of 416?
4
What is the tens digit of 2002?
0
What is the hundreds digit of 48570?
5
What is the tens digit of 10361?
6
What is the hundreds digit of 15034?
0
What is the tens digit of 1649?
4
What is the thousands digit of 31421?
1
What is the units digit of 1240?
0
What is the tens digit of 18680?
8
What is the units digit of 1885?
5
What is the tens digit of 2294?
9
What is the units digit of 5908?
8
What is the hundreds digit of 22490?
4
What is the units digit of 6604?
4
What is the units digit of 2643?
3
What is the thousands digit of 1408?
1
What is the hundreds digit of 7653?
6
What is the hundreds digit of 1330?
3
What is the hundreds digit of 2194?
1
What is the units digit of 85688?
8
What is the units digit of 1220?
0
What is the thousands digit of 1297?
1
What is the hundreds digit of 3827?
8
What is the hundreds digit of 32288?
2
What is the units digit of 81810?
0
What is the hundreds digit of 29443?
4
What is the tens digit of 782?
8
What is the units digit of 59389?
9
What is the tens digit of 46958?
5
What is the units digit of 136?
6
What is the thousands digit of 5767?
5
What is the tens digit of 355?
5
What is the hundreds digit of 1561?
5
What is the tens digit of 5574?
7
What is the thousands digit of 4871?
4
What is the units digit of 48975?
5
What is the units digit of 766?
6
What is the hundreds digit of 19201?
2
What is the hundreds digit of 84892?
8
What is the thousands digit of 3539?
3
What is the tens digit of 255?
5
What is the hundreds digit of 46578?
5
What is the hundreds digit of 1130?
1
What is the units digit of 2998?
8
What is the hundreds digit of 691?
6
What is the units digit of 338?
8
What is the tens digit of 3325?
2
What is the units digit of 6304?
4
What is the units digit of 88071?
1
What is the units digit of 10034?
4
What is the hundreds digit of 2735?
7
What is the ten thousands digit of 73757?
7
What is the hundreds digit of 154?
1
What is the units digit of 4292?
2
What is the hundreds digit of 8883?
8
What is the tens digit of 1322?
2
What is the hundreds digit of 9624?
6
What is the hundreds digit of 5332?
3
What is the tens digit of 8024?
2
What is the units digit of 984?
4
What is the hundreds digit of 5621?
6
What is the units digit of 954?
4
What is the tens digit of 19?
1
What is the thousands digit of 7410?
7
What is the hundreds digit of 933?
9
What is the hundreds digit of 363?
3
What is the thousands digit of 7599?
7
What is the thousands digit of 34326?
4
What is the thousands digit of 3567?
3
What is the tens digit of 986?
8
What is the hundreds digit of 6406?
4
What is the thousands digit of 9730?
9
What is the hundreds digit of 24135?
1
What is the thousands digit of 7999?
7
What is the tens digit of 9582?
8
What is the units digit of 133593?
3
What is the units digit of 7301?
1
What is the hundreds digit of 3607?
6
What is the tens digit of 66544?
4
What is the tens digit of 46343?
4
What is the thousands digit of 94623?
4
What is the units digit of 578?
8
What is the hundreds digit of 2127?
1
What is the thousands digit of 5401?
5
What is the tens digit of 106491?
9
What is the tens digit of 823?
2
What is the units digit of 23096?
6
What is the units digit of 15657?
7
What is the units digit of 57599?
9
What is the tens digit of 1241?
4
What is the units digit of 609?
9
What is the hundreds digit of 4724?
7
What is the tens digit of 60197?
9
What is the units digit of 1232?
2
What is the hundreds digit of 305?
3
What is the tens digit of 689?
8
What is the units digit of 13236?
6
What is the hundreds digit of 768?
7
What is the hundred thousands digit of 153814?
1
What is the tens digit of 4046?
4
What is the hundreds digit of 99070?
0
What is the thousands digit of 2225?
2
What is the thousands digit of 87899?
7
What is the hundreds digit of 928?
9
What is the tens digit of 1536?
3
What is the thousands digit of 4673?
4
What is the hundreds digit of 32870?
8
What is the units digit of 2264?
4
What is the units digit of 296?
6
What is the ten thousands digit of 16092?
1
What is the units digit of 22651?
1
What is the hundreds digit of 24154?
1
What is the ten thousands digit of 33787?
3
What is the thousands digit of 3048?
3
What is the hundreds digit of 3813?
8
What is the tens digit of 2625?
2
What is the units digit of 944?
4
What is the tens digit of 5593?
9
What is the thousands digit of 16744?
6
What is the thousands digit of 1875?
1
What is the hundreds digit of 52547?
5
What is the units digit of 861?
1
What is the tens digit of 2553?
5
What is the hundreds digit of 1569?
5
What is the units digit of 48?
8
What is the ten thousands digit of 124948?
2
What is the tens digit of 156390?
9
What is the units digit of 1694?
4
What is the ten thousands digit of 31468?
3
What is the units digit of 6852?
2
What is the thousands digit of 44418?
4
What is the hundreds digit of 14660?
6
What is the hundreds digit of 575?
5
What is the thousands digit of 1711?
1
What is the units digit of 1829?
9
What is the units digit of 763?
3
What is the units digit of 416?
6
What is the hundreds digit of 4459?
4
What is the hundreds digit of 13115?
1
What is the hundreds digit of 7827?
8
What is the hundreds digit of 17231?
2
What is the tens digit of 4341?
4
What is the units digit of 24630?
0
What is the hundreds digit of 29452?
4
What is the ten thousands digit of 134040?
3
What is the thousands digit of 2543?
2
What is the units digit of 26488?
8
What is the units digit of 3992?
2
What is the hundreds digit of 12401?
4
What is the units digit of 95053?
3
What is the hundreds digit of 33062?
0
What is the tens digit of 36832?
3
What is the hundreds digit of 6320?
3
What is the thousands digit of 27485?
7
What is the thousands digit of 18325?
8
What is the units digit of 3250?
0
What is the tens digit of 18120?
2
What is the units digit of 120?
0
What is the thousands digit of 6314?
6
What is the tens digit of 1387?
8
What is the units digit of 4797?
7
What is the units digit of 171?
1
What is the hundred thousands digit of 150743?
1
What is the ten thousands digit of 16479?
1
What is the hundreds digit of 941?
9
What is the hundreds digit of 4178?
1
What is the tens digit of 3692?
9
What is the thousands digit of 39350?
9
What is the tens digit of 60819?
1
What is the units digit of 1041?
1
What is the ten thousands digit of 103